of 2860?
False
Is 50 a factor of 55000?
True
Is 12 a factor of 216?
True
Is 96 a factor of 5856?
True
Is 9 a factor of 549?
True
Is 946 a multiple of 43?
True
Does 27 divide 162?
True
Is 3 a factor of 1821?
True
Is 34 a factor of 8657?
False
Is 37 a factor of 1184?
True
Does 20 divide 1309?
False
Is 41 a factor of 2739?
False
Is 9582 a multiple of 83?
False
Is 314 a multiple of 4?
False
Does 86 divide 2666?
True
Does 75 divide 2550?
True
Is 2276 a multiple of 12?
False
Is 8 a factor of 5730?
False
Is 298 a multiple of 20?
False
Is 756 a multiple of 42?
True
Is 23 a factor of 43987?
False
Is 43 a factor of 30186?
True
Is 7 a factor of 1315?
False
Is 124120 a multiple of 290?
True
Is 42 a factor of 10080?
True
Is 7370 a multiple of 110?
True
Is 11 a factor of 1402?
False
Does 20 divide 37646?
False
Does 106 divide 1590?
True
Does 15 divide 117345?
True
Does 7 divide 518?
True
Is 19 a factor of 13591?
False
Is 179 a factor of 31888?
False
Is 26 a factor of 38766?
True
Does 20 divide 4411?
False
Is 57 a factor of 26053?
False
Is 32239 a multiple of 15?
False
Is 493 a multiple of 17?
True
Does 5 divide 2150?
True
Is 44784 a multiple of 210?
False
Does 24 divide 52026?
False
Is 11 a factor of 1133?
True
Is 273 a factor of 71259?
False
Is 14 a factor of 74140?
False
Does 146 divide 7884?
True
Does 2 divide 51?
False
Is 50 a factor of 781?
False
Is 5 a factor of 424?
False
Is 61 a factor of 228?
False
Is 3885 a multiple of 259?
True
Does 30 divide 4346?
False
Does 5 divide 9379?
False
Does 216 divide 78408?
True
Is 576 a multiple of 8?
True
Is 245 a multiple of 3?
False
Does 19 divide 19950?
True
Is 36248 a multiple of 46?
True
Is 486 a multiple of 27?
True
Does 3 divide 504?
True
Is 54 a factor of 17693?
False
Does 3 divide 2383?
False
Is 16762 a multiple of 19?
False
Does 20 divide 20877?
False
Does 19 divide 945?
False
Is 32 a factor of 1760?
True
Is 1031 a multiple of 5?
False
Is 9 a factor of 42051?
False
Is 2559 a multiple of 50?
False
Is 7862 a multiple of 10?
False
Is 11821 a multiple of 173?
False
Is 1309 a multiple of 17?
True
Does 38 divide 1229?
False
Does 25 divide 2475?
True
Is 9 a factor of 266?
False
Is 6 a factor of 4110?
True
Is 13 a factor of 199813?
False
Is 30 a factor of 500?
False
Is 6107 a multiple of 83?
False
Is 78 a factor of 71029?
False
Is 437 a multiple of 17?
False
Is 5 a factor of 820?
True
Does 15 divide 2182?
False
Is 19 a factor of 355?
False
Is 24 a multiple of 5?
False
Is 35 a factor of 18633?
False
Is 9 a factor of 774?
True
Is 17 a factor of 273?
False
Is 124 a multiple of 4?
True
Does 7 divide 9240?
True
Is 96 a factor of 13444?
False
Is 5160 a multiple of 43?
True
Is 12 a factor of 2208?
True
Does 26 divide 910?
True
Is 97 a factor of 27742?
True
Is 15 a factor of 2058?
False
Is 9136 a multiple of 91?
False
Is 3458 a multiple of 13?
True
Does 15 divide 18285?
True
Does 209 divide 37442?
False
Does 22 divide 52991?
False
Is 1032 a multiple of 24?
True
Is 450 a multiple of 10?
True
Is 80 a factor of 137120?
True
Does 57 divide 15805?
False
Does 20 divide 4530?
False
Is 6 a factor of 216?
True
Is 22590 a multiple of 10?
True
Is 77 a factor of 10472?
True
Is 8 a factor of 4232?
True
Does 11 divide 18788?
True
Is 23 a factor of 529?
True
Does 147 divide 3381?
True
Is 28 a factor of 3221?
False
Is 11 a factor of 147?
False
Is 19 a factor of 8011?
False
Does 17 divide 3990?
False
Is 19 a factor of 2240?
False
Is 10791 a multiple of 9?
True
Does 18 divide 5649?
False
Does 20 divide 1620?
True
Does 13 divide 455?
True
Does 5 divide 1941?
False
Is 8 a factor of 248?
True
Is 682 a multiple of 2?
True
Is 74038 a multiple of 61?
False
Is 4656 a multiple of 40?
False
Is 6 a factor of 20536?
False
Is 266 a factor of 14098?
True
Is 5634 a multiple of 18?
True
Does 18 divide 675?
False
Is 336 a multiple of 49?
False
Is 2808 a multiple of 36?
True
Does 35 divide 44100?
True
Does 8 divide 235?
False
Is 5336 a multiple of 46?
True
Is 3 a factor of 9?
True
Is 36 a factor of 21816?
True
Is 34 a factor of 15928?
False
Is 43 a factor of 3741?
True
Is 67 a factor of 164?
False
Does 2 divide 563?
False
Is 177 a multiple of 9?
False
Does 107 divide 13803?
True
Is 150 a multiple of 5?
True
Does 74 divide 1358?
False
Is 14 a factor of 649?
False
Does 25 divide 1471?
False
Is 6455 a multiple of 29?
False
Is 328 a multiple of 41?
True
Is 114 a multiple of 21?
False
Does 13 divide 37011?
True
Does 18 divide 10026?
True
Is 8162 a multiple of 154?
True
Is 260 a multiple of 9?
False
Is 33 a factor of 12741?
False
Is 21 a factor of 4493?
False
Is 27 a factor of 17631?
True
Does 77 divide 4957?
False
Is 8 a factor of 1496?
True
Is 147 a factor of 588?
True
Is 60 a factor of 120?
True
Is 53452 a multiple of 18?
False
Is 14 a factor of 13258?
True
Is 846 a multiple of 9?
True
Is 26 a factor of 208?
True
Is 19 a factor of 152?
True
Does 15 divide 7620?
True
Is 7 a factor of 13510?
True
Is 22162 a multiple of 78?
False
Is 25 a factor of 125?
True
Is 15 a factor of 5766?
False
Does 39 divide 10140?
True
Is 9333 a multiple of 183?
True
Is 385 a multiple of 10?
False
Does 8 divide 736?
True
Is 10 a factor of 1888?
False
Is 106 a factor of 10559?
False
Does 2 divide 83?
False
Is 195 a factor of 13656?
False
Is 31 a factor of 411?
False
Does 102 divide 4590?
True
Does 23 divide 2415?
True
Is 800 a multiple of 42?
False
Is 24 a factor of 168?
True
Is 1896 a multiple of 36?
False
Is 7 a factor of 8?
False
Is 864 a multiple of 72?
True
Is 1504 a multiple of 16?
True
Does 15 divide 36480?
True
Does 7 divide 196?
True
Does 3 divide 493?
False
Is 2 a factor of 40?
True
Is 210 a multiple of 3?
True
Does 109 divide 6004?
False
Is 14 a factor of 811?
False
Is 2920 a multiple of 2?
True
Is 287 a multiple of 7?
True
Does 9 divide 2986?
False
Is 1260 a multiple of 21?
True
Is 24 a factor of 8637?
False
Is 91 a factor of 1680?
False
Does 5 divide 1510?
True
Is 21746 a multiple of 131?
True
Is 6 a factor of 707?
False
Is 1947 a multiple of 5?
False
Does 52 divide 6344?
True
Is 2154 a multiple of 58?
False
Does 11 divide 627?
True
Is 7 a factor of 452?
False
Is 12 a factor of 37975?
False
Is 12451 a multiple of 123?
False
Is 5 a factor of 615?
True
Does 281 divide 9554?
True
Is 12039 a multiple of 9?
False
Is 42 a factor of 37058?
False
Does 6 divide 634?
False
Does 14 divide 49020?
False
Is 43 a factor of 1032?
True
Is 69 a multiple of 6?
False
Does 22 divide 27793?
False
Is 6877 a multiple of 13?
True
Is 2958 a multiple of 12?
False
Is 9175 a multiple of 8?
False
Is 32 a factor of 736?
True
Is 16884 a multiple of 21?
True
Is 81 a factor of 324?
True
Is 7005 a multiple of 3?
True
Does 9 divide 1080?
True
Is 12 a factor of 23520?
True
Is 6 a factor of 626?
False
Is 5 a factor of 15684?
False
Is 1332 a multiple of 6?
True
Does 16 divide 1131?
False
Does 5 divide 67?
False
Is 133 a factor of 6325?
False
Is 11 a factor of 44?
True
Does 5 divide 122?
False
Does 35 divide 1260?
True
Does 33 divide 815?
False
Is 10077 a multiple of 10?
False
Does 7 divide 2471?
True
Does 134 divide 19296?
True
Is 232 a multiple of 29?
True
Is 71 a factor of 5206?
False
Does 5 divide 229?
False
Is 35 a factor of 666?
False
Is 494 a multiple of 38?
True
Is 1009 a multiple of 3?
False
Is 10 a factor of 151?
False
Is 16764 a multiple of 193?
False
Is 546 a multiple of 42?
True
Is 1752 a multiple of 20?
False
Does 4 divide 620?
True
Does 31 divide 3475?
False
Does 44 divide 5676?
True
Is 78090 a multiple of 19?
True
Is 19 a factor of 18183?
True
Is 31269 a multiple of 52?
False
Is 284 a factor of 16551?
False
Does 4 divide 15104?
True
Is 204 a multiple of 102?
True
Is 354 a factor of 183726?
True
Is 20 a factor of 14920?
True
Is 47 a factor of 2209?
True
Is 231 a multiple of 17?
False
Is 33 a factor of 105765?
True
Is 76 a factor of 304?
True
Is 11 a factor of 57530?
True
Is 69087 a multiple of 182?
False
Is 31 a factor of 613?
False
Is 37 a factor of 2512?
False
Is 200 a multiple of 4?
True
Is 117 a factor of 10919?
False
Does 9 divide 149?
False
Is 54228 a multiple of 12?
True
Is 756 a multiple of 12?
True
Does 40 divide 9320?
True
Does 92 divide 4048?
True
Does 30 divide 255?
False
Does 20 divide 33500?
True
Is 780 a multiple of 52?
True
Is 10 a factor of 2500?
True
Does 5 divide 22111?
Fal